Calculate the highest common divisor of 264746 and 114.
38
What is the greatest common factor of 23984 and 304?
16
What is the highest common divisor of 263734 and 2427?
809
Calculate the greatest common divisor of 2943 and 10464.
327
What is the highest common divisor of 54975 and 120?
15
What is the greatest common factor of 543 and 144076?
181
What is the highest common divisor of 1909 and 53701?
83
Calculate the greatest common divisor of 24282 and 234.
18
What is the greatest common factor of 3245 and 20768?
649
Calculate the highest common divisor of 238121 and 23953.
1409
What is the greatest common divisor of 6108 and 96?
12
Calculate the highest common divisor of 37516 and 3616.
452
Calculate the highest common factor of 8756 and 1804.
44
What is the greatest common factor of 5073 and 2451?
57
Calculate the highest common divisor of 4750 and 1805.
95
Calculate the highest common factor of 7742 and 168270.
158
Calculate the greatest common factor of 48868 and 304.
76
What is the highest common factor of 3798 and 51062?
422
Calculate the highest common divisor of 3900 and 416.
52
Calculate the highest common divisor of 146648 and 7544.
184
Calculate the highest common divisor of 49863 and 495.
33
Calculate the highest common factor of 1480 and 126392.
296
Calculate the greatest common divisor of 2301 and 944.
59
Calculate the highest common factor of 471312 and 120.
24
Calculate the greatest common factor of 87 and 12234.
3
What is the greatest common divisor of 72300 and 28?
4
Calculate the greatest common factor of 100651 and 401.
401
Calculate the highest common factor of 54928 and 1200.
16
What is the highest common divisor of 864116 and 2255?
451
Calculate the highest common divisor of 438 and 726.
6
What is the highest common factor of 954 and 1036362?
318
Calculate the greatest common divisor of 34 and 670106.
34
Calculate the greatest common divisor of 47367 and 855.
171
Calculate the highest common factor of 3956 and 8188.
92
What is the highest common divisor of 108 and 8748?
108
What is the highest common divisor of 42 and 62762?
14
Calculate the highest common divisor of 10989 and 20313.
333
What is the greatest common divisor of 10 and 34650?
10
Calculate the highest common divisor of 716238 and 30.
6
What is the highest common divisor of 126686 and 42?
14
Calculate the greatest common factor of 4092 and 473.
11
Calculate the highest common factor of 12 and 27588.
12
What is the greatest common factor of 510 and 22080?
30
What is the greatest common divisor of 230982 and 9042?
822
What is the greatest common factor of 2916 and 18990?
18
What is the highest common factor of 14454 and 8514?
198
Calculate the greatest common factor of 12 and 8838.
6
What is the greatest common divisor of 140 and 470?
10
Calculate the highest common divisor of 247 and 43643.
19
Calculate the greatest common factor of 201617 and 338.
169
Calculate the greatest common factor of 9 and 1553.
1
What is the highest common factor of 35451 and 819?
117
What is the highest common divisor of 2009630 and 304?
38
Calculate the greatest common divisor of 654715 and 185.
185
What is the highest common factor of 50 and 610?
10
What is the highest common factor of 4710 and 340?
10
What is the highest common factor of 136 and 1654168?
136
What is the greatest common factor of 32 and 122422?
2
Calculate the highest common factor of 12728 and 7178.
74
What is the highest common factor of 100144 and 2376?
88
What is the greatest common divisor of 270 and 18765?
135
Calculate the highest common divisor of 134734 and 116.
58
What is the greatest common factor of 2028 and 1956?
12
What is the greatest common factor of 75 and 181?
1
Calculate the highest common factor of 6 and 12411.
3
What is the highest common divisor of 266 and 11742?
38
Calculate the highest common factor of 171 and 137427.
57
Calculate the highest common divisor of 3322 and 2695.
11
Calculate the highest common factor of 720 and 2025.
45
What is the greatest common factor of 355708 and 68?
68
What is the greatest common factor of 218 and 8192?
2
What is the highest common factor of 236004 and 24?
12
What is the greatest common divisor of 715 and 3234?
11
Calculate the highest common factor of 21 and 8057.
7
What is the greatest common divisor of 1505602 and 854?
854
Calculate the highest common factor of 2033 and 209.
19
What is the greatest common divisor of 122139 and 82?
41
What is the highest common divisor of 253351 and 119?
119
Calculate the highest common divisor of 203 and 75574.
29
Calculate the highest common factor of 37205 and 35.
35
What is the greatest common factor of 392 and 728?
56
What is the highest common factor of 24220 and 1570?
10
What is the greatest common divisor of 638 and 18964?
22
What is the highest common factor of 50 and 211675?
25
Calculate the greatest common factor of 3332 and 5508.
68
Calculate the highest common factor of 487500 and 143.
13
What is the greatest common factor of 1557 and 3979?
173
Calculate the highest common divisor of 169 and 1347099.
169
What is the highest common divisor of 168 and 297612?
84
What is the highest common factor of 3170197 and 8695?
1739
What is the highest common divisor of 333878 and 556?
278
Calculate the highest common divisor of 3741 and 903.
129
What is the greatest common factor of 143205 and 15?
15
Calculate the greatest common factor of 22 and 311938.
22
Calculate the highest common factor of 850 and 1087150.
850
Calculate the highest common divisor of 5592 and 32364.
12
Calculate the highest common factor of 114460 and 40.
20
Calculate the highest common divisor of 269 and 168125.
269
What is the highest common divisor of 77 and 15600662?
77
Calculate the highest common divisor of 539 and 5905284.
539
Calculate the greatest common divisor of 32403 and 123440.
1543
What is the highest common factor of 29 and 6496435?
29
Calculate the greatest common factor of 436724 and 101.
101
Calculate the highest common divisor of 907654 and 154.
22
Calculate the highest common factor of 30275 and 4550.
175
What is the highest common factor of 83 and 21977819?
83
What is the highest common factor of 1872 and 98064?
144
What is the highest common divisor of 29952 and 975?
39
What is the highest common factor of 6656 and 10496?
256
What is the greatest common factor of 179652 and 132?
132
What is the greatest common factor of 52806 and 78?
78
Calculate the highest common divisor of 18088 and 1496.
136
Calculate the highest common divisor of 577296 and 60.
12
Calculate the highest common divisor of 157 and 94357.
157
Calculate the highest common divisor of 1851948 and 56.
28
What is the highest common factor of 12844032 and 1184?
1184
What is the greatest common divisor of 3224 and 152386?
26
Calculate the highest common factor of 30735 and 10.
5
Calculate the greatest common factor of 172 and 2352702.
86
Calculate the greatest common factor of 373261 and 56.
7
Calculate the highest common divisor of 13311252 and 1548.
1548
What is the highest common divisor of 5976 and 25992?
72
Calculate the highest common factor of 2240 and 16282.
14
Calculate the highest common factor of 615 and 258710.
205
What is the highest common factor of 1132 and 136?
4
What is the greatest common divisor of 415316 and 132?
44
What is the highest common factor of 20458 and 39758?
386
What is the highest common factor of 64448 and 64?
64
What is the highest common divisor of 42277 and 22177?
67
Calculate the greatest common divisor of 507 and 32058.
39
Calculate the greatest common divisor of 818 and 27403.
409
What is the greatest common factor of 11088125 and 113?
113
What is the highest common factor of 2493 and 2?
1
What is the highest common divisor of 21 and 3507483?
21
Calculate the highest common factor of 564 and 28059.
141
What is the highest common divisor of 1035 and 62928?
207
Calculate the greatest common divisor of 10682 and 392.
98
What is the highest common divisor of 1600 and 41152?
64
What is the highest common factor of 120666 and 10472?
238
What is the highest common divisor of 45 and 26964?
9
What is the greatest common factor of 432864 and 2839?
167
Calculate the highest common divisor of 14079 and 76.
19
Calculate the greatest co